-2*r - 392 + 96 = 2*w, 0 = -5*r - 25. Let f = w + 137. Let c(t) = t**2 + 7*t + 3. What is c(f)?
-3
Let q(z) = -z**2 + 13*z - 15. Suppose 3*l - 42 = -3*u, 5*l - 95*u - 54 = -92*u. Determine q(l).
-3
Let s(b) = 107*b - 248. Let n(q) = -58*q + 130. Let j(d) = -11*n(d) - 6*s(d). Give j(13).
6
Let o(j) be the first derivative of 7*j**2 + 40*j + 63. Let g(t) = 5*t + 13. Let r(i) = -8*g(i) + 3*o(i). Determine r(-7).
2
Let t(b) = 12*b - 107. Let n(c) = c**2 + 2*c - 40. Let p be n(6). Let k be t(p). Let o(q) = 2*q**2 + 23*q + 16. Give o(k).
5
Let v(j) = 2*j**3 + 2*j**2 + 2*j. Let f(l) = -2*l**3 + 4*l**2 + 2*l - 2. Let m(w) = f(w) + 2*v(w). Determine m(-4).
-26
Let p(d) be the first derivative of d**4/4 + 7*d**3/3 - 14*d**2 + 13*d + 5912. Determine p(-10).
-7
Suppose 0 = -247*a + 254*a + 28. Let t(d) = -d**2 + 0*d**3 - d**3 + 6*d + 2 - 2*d**2 + 0*d**3. What is t(a)?
-6
Let g(h) = 184*h**2 + 88 + 173*h**2 + 171*h**2 - 527*h**2 - 46*h. Give g(44).
0
Let g be (804/(-720) - -1)*((-3)/(-7))/(-3). Let z(m) be the third derivative of g*m**5 + 0 - 3/8*m**4 + 5/3*m**3 + 0*m + 28*m**2. Give z(8).
2
Let n(a) be the first derivative of 3*a**2/2 + 5*a + 386. Suppose 12 = -8*x + 7*x. Let h be x/4*-1*-1. What is n(h)?
-4
Suppose -3*o + 25 = 2*o. Let b(s) = -4*s**2 + 8*s + 143. Let h be b(7). Suppose -2*n - 2 = u - h, -32 = -o*u - n. Let l(m) = m. Determine l(u).
7
Let t be (16/12)/(4/9). Let x(w) = -w**2 + w**3 + 5*w - 5*w**2 - w**2 + w**2 - t. Let r be ((-14)/21)/(515/75 + -7). What is x(r)?
-3
Let i(j) = -j**2 - 9*j + 46. Let q be 3/(-36)*-46 - (-8)/48. Give i(q).
-6
Let z = -31423 - -31426. Let h(l) = l**2 - 2*l - 25. Determine h(z).
-22
Let o = 33448 - 33467. Let k(g) = -2*g**2 - 42*g - 77. Determine k(o).
-1
Let a(m) = -m + 1. Let o = 2873 - 2868. Calculate a(o).
-4
Suppose -308*n = -583*n - 3850. Let b(z) = -z**3 - 16*z**2 - 23*z - 4. What is b(n)?
-74
Let z(d) be the first derivative of d**4/12 + 4*d**3/3 - 41*d**2 - 18. Let a(o) be the second derivative of z(o). Calculate a(0).
8
Let i(g) = 234*g**2 - 8*g - 110*g**2 - 125*g**2 + 24. Give i(-10).
4
Let w = -100 - -103. Suppose -l - w*l - 4*i = -112, -3*i - 28 = -l. Suppose l - 1 = -9*z. Let n(r) = 2*r + 2. Calculate n(z).
-4
Let x = 317 - 313. Suppose 5*m - 12 = -u, 2*u - m - x + 13 = 0. Let n(r) = -3*r**2 - r + 3. Determine n(u).
-21
Let i be (68/16)/(1/4). Suppose 4*y = 3*r + 11, -y - 4*r = -0*y + 2. Let s(b) = -38*b**y + 19*b**2 + 2 + b + i*b**2. What is s(2)?
-4
Suppose -4*x = -4*m, -3*m = -0*m - 6. Let t(h) = -9*h - 149*h**x + 147*h**2 + h + 6. What is t(-4)?
6
Let v(y) = -2*y**2 + 7*y - 1. Let s be (-6)/(-2) - ((-1)/(-1) + -2). Let c be v(s). Let i(m) = -4 + 5 + 2 + m**2 + 4*m + 2*m. Determine i(c).
-2
Let v(i) be the third derivative of -i**4/24 + 13*i**3/6 + i**2. Let f(s) = 2*s**3 + 7*s**2 + s - 4. Let z be f(-3). Suppose 0 = z*o - 14 - 4. What is v(o)?
4
Let p(j) be the third derivative of -19*j**2 + 4 - 1/120*j**6 - 2/15*j**5 - 5/12*j**4 - 2/3*j**3 + 0*j. Suppose o = -2*o - 9, 3*o + 16 = -g. Determine p(g).
17
Let i(x) = -396*x - x**2 + 0*x**2 + 113 + 200*x + 202*x. Determine i(-8).
1
Let u(g) = -25*g - 234. Suppose k - 17 = -12 - 14. Give u(k).
-9
Let x(k) = k**2 + 5*k + 2. Let b = -4 - -7. Let j(l) = -l**3 + 10*l**2 - 17*l + 10. Let i be j(8). Suppose i + b = -m. What is x(m)?
2
Suppose -c = 2*v - 42, -12*v + 18 = -11*v - c. Suppose 4*h - 2*h = -4*p + v, 3*p - 50 = -5*h. Let o(g) = -g**3 + 11*g**2 - 12*g + 15. Determine o(h).
-5
Let a = -2358 + 2354. Let z(m) = -2*m**2 + 10*m + 1. Let b(y) = -y**2 + y. Let r(h) = 4*b(h) - z(h). Calculate r(a).
-9
Suppose -6*t - 11 = -29. Suppose 8*m = t*m - 4*b + 15, -3*m - 4*b = -17. Let r(g) = -2*g**3 - 2*g**2 - 2*g - 1. What is r(m)?
1
Let a(n) = n**2 - 27*n - 137. Let t be (-124)/16*96/(-24). Calculate a(t).
-13
Suppose 17 = -4*z + 41. Let l(b) = b**2 - b + 6. Let j be l(z). Suppose h = 0, j = -4*p - 0*h - 2*h. Let f(d) = d**2 + 8*d - 6. Determine f(p).
3
Let m(i) be the first derivative of -2*i**2 - 9*i - 26838. Let r be 2*-2*2/4. Calculate m(r).
-1
Let h(v) = v**3 - 7*v**2 + 7*v - 14. Let f be ((-37)/(-5) + -7)*15. Give h(f).
-8
Let d(l) = -4*l + 37 + 33 + 49 - 108. Calculate d(6).
-13
Suppose -8408*s = -8417*s - 54. Let m be (4/5)/((-8)/(-20)). Let p(b) = 8*b**2 - b - 3 + 5*b - 7*b**m. What is p(s)?
9
Let f(r) be the third derivative of -r**5/15 + 37*r**4/24 - r**3/2 + 1019*r**2. Give f(9).
6
Let f(m) = -3*m + 2*m**3 - 2*m**2 + m**2 + 9*m - 7*m. Let i(v) = -13*v**3 + 16*v**2 + 32*v - 16. Let d(w) = 6*f(w) + i(w). Calculate d(12).
8
Let n(o) be the third derivative of -23*o**5/60 + o**4/24 - o**3/6 + 34*o**2 - 6*o. Let p(l) = l**3 - 9*l**2 - 3*l + 28. Let y be p(9). Calculate n(y).
-23
Let w(u) = -3*u**2 - 29*u - 42. Let p(s) = -9*s**2 - 86*s - 123. Let b(j) = 6*p(j) - 17*w(j). Give b(-6).
6
Let x(b) = -b + 0 - 1 + 4. Suppose -13*k + 282 = 217. Suppose k - 9 = 4*c - 3*p, -p = 5*c + 24. Give x(c).
7
Let j be 4/(-6)*-5*-3. Let s(v) be the first derivative of v**3/3 + 7*v**2/2 - 24*v + 13971. Determine s(j).
6
Let y(r) = r + 17. Let i be y(-15). Let p(g) = 6 - i - 2 + 3*g - 4*g. Calculate p(8).
-6
Suppose 10*m - 9 = 71. Let r be -3 - ((-5 - m) + 4). Let f(y) = -y**2 + 5*y + 4. Give f(r).
-2
Let t(v) be the third derivative of -2*v**2 + 1/24*v**4 + 0*v + 0 - 2/3*v**3. Suppose -n = -c - 10, 5*c - 6*n + 26 = -7*n. Calculate t(c).
-10
Let b(y) = 2*y - 9 - y - 3*y**3 + 2*y**3 + 5*y**2 + 7*y. Let j = -4 - 8. Let a(m) = -m - 6. Let t be a(j). What is b(t)?
3
Let n = 407 - 403. Let p(b) be the first derivative of -5*b**2/2 + 26*b + 478. What is p(n)?
6
Let c = 61265 + -61259. Let m(s) = -2*s + 6. Let q(a) = -4*a + 11. Let x(w) = -7*m(w) + 3*q(w). Determine x(c).
3
Let o(w) = w**2 + 1. Suppose 0 = 2*v - 4, -2*g - v - 28 = 3*g. Let t(i) = 9*i**2 - 2*i + 9. Let r(b) = g*o(b) + t(b). Suppose 29 - 31 = -j. Calculate r(j).
11
Let r(u) = -17*u**2 + 4*u - 6. Let w(j) = -12*j**2 + 4*j - 4. Let h(z) = 3*r(z) - 4*w(z). Calculate h(-2).
-6
Let k(i) be the second derivative of -i**4/12 + i**3/6 + 12*i**2 + 5494*i. What is k(8)?
-32
Let d(o) = 5*o**2 + o. Let m = 59 - 16. Let p = m - 42. Calculate d(p).
6
Let l(a) = -a + 4. Let b = -11 - -14. Let h be ((b - -3) + -3)*(13 - 4). Let x = h - 24. What is l(x)?
1
Let g(f) = 4 - 38 + 5 - f**2 + 33 + 6*f + 3. Give g(8).
-9
Let h(g) = -558*g + 183*g + 0 - 2 + 184*g - 6*g**3 + 190*g + 1. Suppose -3*i - 4 = -1. Give h(i).
6
Suppose 0 = 2*h + 5*x - 101, -7*h + 5*h + 4*x + 128 = 0. Let u(w) = 23*w + 61 - h - 22*w. What is u(-8)?
-5
Let a(i) = 123*i - 303. Let z(g) = -17*g + 42. Let v(u) = -5*a(u) - 36*z(u). Determine v(-6).
21
Let t(k) = -k**2 + 50*k + 349. Let d be t(-7). Let f(a) = -a**3 - 47*a**2 + 148*a - 106. What is f(d)?
-6
Let b(v) be the first derivative of -1/3*v**3 + 1/2*v**2 + 119 + 2*v. Let k(i) = -i**2 + 7*i - 8. Let r be k(6). What is b(r)?
-4
Let i(y) = y**3 - 9*y**2 + 4*y + 8. Let q(x) = 0*x - x + 5*x - 111*x**3 - 8*x**2 + 112*x**3 + 7. Let j(n) = 5*i(n) - 6*q(n). What is j(2)?
-6
Let x = 0 + 0. Let n(h) be the third derivative of 0 - 240*h**2 - 9/2*h**3 + 1/24*h**4 + 0*h. Determine n(x).
-27
Suppose i + 34 = 2*f + 46, -5*i - 3*f = -99. Let u be (-1034)/121 + i/33. Let g(b) = b**2 + 7*b - 4. What is g(u)?
4
Suppose 0 = -r - 3 - 2, 0 = 4*z - 5*r - 33. Suppose -8*a = -7*a + z. Let q(x) = -8*x + 1. Give q(a).
17
Let a(z) = z + 8. Let n(d) = d**3 - 20*d**2 - 20*d - 17. Let h be n(21). Let w be h/18 - (-580)/(-180). Let r be 12/(4 - 2)*(2 + w). Determine a(r).
2
Let i be (1 - (3 - 6))/1. Let f(o) = -28*o**2 + 110*o + 6. Let v be f(i). Let q(y) = 3*y**3 + 2*y**2 + 1. Calculate q(v).
-15
Let n(k) = 6648*k**2 + 18 - 4*k - 6 - 6656*k**2 + 6*k + 5*k + k**3. Determine n(4).
-24
Let y(f) be the second derivative of -f**5/20 - 5*f**4/6 - 3*f**3/2 - 5*f**2 - 276*f. Suppose 49 = -4*h + 13. What is y(h)?
-10
Suppose -2*f - 4*f + 24 = 0. Suppose 5*j = -3*a + 37, j + 68 = f*a + 3*j. Suppose -4*o + 4 = -u, -5*u - 3*o - a = -3*u. Let l(s) = s + 6. Determine l(u).
-2
Let o be (-1 - 1)/((-2)/15). Let x(i) = 3*i**3 + 28*i**2 + 28*i + 28. Let j be x(-8). Let h be 5 + (-292)/j + (-17)/o. Let q(z) = -10*z - 1. What is q(h)?
9
Let l = 341 + -337. Let n(k) = -7*k**3 + 3*k**2 + 2*k - 3. Let m(x) = -3*x**3 + 2*x**2 + x - 2. Let p(a) = 5*m(a) - 2*n(a). D